s divided by (1*2)/(s/18 - 2).
10
Let h(b) = 3*b**3 - 12*b**2 - 17*b + 67. Calculate the remainder when h(7) is divided by 67.
54
Suppose -2*q - 2*q + 64 = 0. Suppose 5*l + 6 = q, -2*c - 3*l + 118 = 0. Calculate the remainder when c is divided by 1/(-4 + 39/9) - -12.
11
Suppose 1472 = 4*v - 2*k - 3*k, 3*k - 1440 = -4*v. Calculate the remainder when v is divided by 46.
41
Suppose -7*m - 161 = -483. Calculate the remainder when 88 is divided by m.
42
Suppose 0 = -3*g + u + 452, 2*g + 591 = 6*g + u. Let z(a) = -a**3 - 23*a**2 + 50*a + 10. Calculate the remainder when g is divided by z(2).
9
Calculate the remainder when (75/(-10))/((-1)/32) is divided by 81.
78
Let n(h) = -h**3 - 4*h**2 + 3*h - 3. Suppose 2*v - 4*c - 40 = 0, 2*c - 190 = -4*v - 140. What is the remainder when v is divided by n(-5)?
0
Suppose -3*h - 268 = 164. Let d = h - -150. Calculate the remainder when 40 is divided by d.
4
Let k = 216 - 173. What is the remainder when 171 is divided by k?
42
Let k(r) = -74*r**3. Suppose -i - 4*s + 35 = 0, -3*s - 83 = 31*i - 36*i. Calculate the remainder when k(-1) is divided by i.
17
What is the remainder when 7956/180 + 1/(-5) is divided by 17?
10
Let y = -62 - -44. Let j be (-1)/(1/y) - 2. Suppose -19 = -c + j. What is the remainder when c is divided by 9?
8
Let v be (-115)/2 + (-3)/(-6). Let l = v + 117. Suppose s + 3*s - l = 0. Calculate the remainder when 42 is divided by s.
12
Let x(f) = f**2 + 11*f - 12. Suppose 0*o - o - 14 = 0. Calculate the remainder when x(o) is divided by 18.
12
Suppose -12*y = -7*y - 750. Suppose -3*x - 3*x = -y. Calculate the remainder when 49 is divided by x.
24
Let a be -3 + (-21 - 3) + 3 - 0. Calculate the remainder when 148 is divided by (-3)/(-9)*3 - a.
23
Let t(k) = 2*k**3 - k**2 + k - 1. Calculate the remainder when 30 is divided by t(2).
4
Let p be (-2)/(-3 - (-580)/194). Let t = -113 + p. What is the remainder when t is divided by 21?
18
Let h(u) = 4*u - 3. Let t(y) = -y**3 - 8*y**2 - y + 14. Let c be t(-8). Let q = c - 15. Calculate the remainder when h(q) is divided by 7.
4
Suppose -5*l = 3*k - 1762, -2*l = 7*k - 5*k - 1168. Calculate the remainder when k is divided by 58.
57
Let k(u) = 2*u + 10. Let z be k(-7). What is the remainder when 2/(-1 + (-45)/(-43)) is divided by (8 - z) + (-1)/1?
10
Let x = -1841 - -1900. What is the remainder when 69 is divided by x?
10
Let x = -231 - -297. Suppose 0 = q - 2 - 10. Calculate the remainder when x is divided by 1*4*51/q.
15
Suppose 0 = 4*b - y - 363, -2*b - 2*y - 3*y = -187. Suppose -3*k + 0*k - w + 273 = 0, k = 3*w + b. Calculate the remainder when k is divided by 31.
29
Let j(d) = d + 15. Let h be j(6). Let i be (-2)/((3/13)/(-3)). Suppose -i*m + h*m = -145. Calculate the remainder when m is divided by 6.
5
Let h(x) = -x**3 - 3*x**2 - 10*x + 5. Suppose 9 + 9 = -3*p. What is the remainder when h(p) is divided by 59?
55
Let c be 1005/27 + 4/(-18). Let g(m) = -m**3 - 4*m**2 - 6*m - 2. Let s be g(-4). Let u = c - s. Calculate the remainder when 44 is divided by u.
14
Suppose 6 + 56 = 2*b. Suppose o - b = 19. What is the remainder when o is divided by 26?
24
Let m = 13 + -8. Let o(y) = -y + 13. Let x be o(9). Suppose x*f + 6 = 7*f. Calculate the remainder when m is divided by f.
1
Suppose -5*w = -386 - 9. Let f = w + -73. Calculate the remainder when f is divided by 3.
0
Let x(r) = 6*r - 18. Let w be x(3). Suppose w*l = 2*l - 2*c - 78, 0 = -3*c - 15. What is the remainder when 67 is divided by l?
33
Let w(x) = x**2 + 118. Let n be w(0). Suppose n = 5*c + 38. What is the remainder when 45 is divided by c?
13
Let z(g) = 2*g + 191. Calculate the remainder when z(-29) is divided by 23.
18
Let p = -140 + 245. Suppose 2*f = -3*v + 210, 3*f = 2*f - 5*v + p. What is the remainder when f is divided by 18?
15
Let h(u) = 53*u + 247. What is the remainder when h(7) is divided by 27?
24
Let z = 8040 + -8036. Suppose 5*a = -5*d - 10, -3*d - 3*a - 6 = -7*d. What is the remainder when -1 + 2 - -18 - d is divided by z?
3
Suppose 5*n - 4114 = -17*n. Calculate the remainder when n is divided by 19.
16
Suppose -i - 3*b + 89 = 0, -2*i - 4*b = -0 - 170. Calculate the remainder when 169 is divided by i.
15
Let f(t) = -11*t + 68. What is the remainder when f(-2) is divided by 25?
15
Suppose 4*m - 57 - 266 = -3*o, 3*o - 278 = 5*m. Suppose 0 = -6*q + 51 + 39. What is the remainder when o is divided by 1/6*3*4 + q?
16
Suppose 96 + 150 = 2*r. Suppose 0 = -z + 2*f + r - 48, 4*f = 5*z - 363. Let a = -1577 - -1595. Calculate the remainder when z is divided by a.
17
Let v be (-1)/3*(-5 - -5). Suppose v*s + 1 = 3*k - 2*s, k = -2*s + 11. Calculate the remainder when 13 is divided by k.
1
Calculate the remainder when 158 is divided by (-2)/(-2)*(13 - 2 - -30).
35
Calculate the remainder when 215 is divided by (-4*12/(-36))/((-4)/(-342)).
101
Let b(p) = 2*p**2 + 7*p + 13. Let u be b(-5). Let x = u + 22. Suppose 2*c = 7*c - 130. Calculate the remainder when x is divided by c.
24
Let o = -376 - -575. Calculate the remainder when o is divided by 40.
39
Let i(a) = a**2 + a - 10. Let o be i(0). Let u = o - -3. Let r = 21 + u. Calculate the remainder when 26 is divided by r.
12
Let g(t) = 81*t - 153. What is the remainder when 537 is divided by g(3)?
87
Let r(b) = 11*b**2 - 6*b + 6. Let s(u) = 4*u**2 + 3*u - 12. What is the remainder when r(4) is divided by s(-4)?
38
Suppose 0 = -6*s + 3*s + 27. Suppose s = c + 1. Calculate the remainder when 47 is divided by c.
7
Let y = 361 - 319. What is the remainder when y is divided by 19?
4
Let z(r) = -9*r**3 - 7*r**2 - 10*r + 1. Calculate the remainder when z(-2) is divided by (-33)/27*-3*3.
10
What is the remainder when 99 is divided by (-7)/((-189)/99)*3?
0
Let k(w) = 21*w**2. Let h be k(-2). Let v = 156 - h. Calculate the remainder when v is divided by 25.
22
Suppose -9*p = 19*p - 19264. Calculate the remainder when p is divided by 15.
13
Let r(c) = -c**2 - 20*c + 5. Calculate the remainder when 42 is divided by r(-20).
2
Let g(v) = -v**2 - 5*v - 4. Let l be g(6). Let s(d) = d + 17. What is the remainder when 30/l + 440/14 is divided by s(0)?
14
Let b(p) = -2*p**2 + 28*p - 66. Suppose -2*i - 405 = -7*i. Calculate the remainder when i is divided by b(10).
11
Let v = -1443 + 2384. What is the remainder when v is divided by 22?
17
Suppose -2*g + 0*g - 128 = 0. Let l(m) = 17*m**3 - 2*m**2 - 2*m - 3. Let d be l(-2). Let y = g - d. Calculate the remainder when y is divided by 27.
25
Suppose -10*n + 472 = -2*n. Calculate the remainder when 353 is divided by n.
58
Let r(f) = 8*f + 12. Let n be r(-4). Let y = 47 + n. What is the remainder when 100 is divided by y?
19
Suppose r = 5, -2*r - 14 = -k - 2*k. Suppose 0 = -2*l + 4*i + 50, -i + 15 - 35 = -l. Calculate the remainder when l is divided by k.
7
Suppose 0 = 4*k - 59 + 19. Calculate the remainder when 20 is divided by (-4)/2 + k + -1.
6
Let h = 174 + -104. Suppose 0 = -11*j + 6*j + h. Suppose 2*v - j = 4*b, 29 = 2*v - 0*v - b. Calculate the remainder when 50 is divided by v.
16
Suppose 9 + 54 = 3*x - 4*m, 0 = m. Suppose 0 = 5*v - 31 - 14. Calculate the remainder when x is divided by v.
3
Suppose 113 = d - 3*k - 85, 2*k - 208 = -d. What is the remainder when d is divided by 52?
48
Let g = 1819 - 1780. What is the remainder when 218 is divided by g?
23
Suppose -85 = -2*s + 5. Let t(a) = a**2 - 3*a - 16. Let b be 7 + 1 + 1 + (7 - 9). Calculate the remainder when s is divided by t(b).
9
What is the remainder when 60 is divided by 24/(-5)*6/((-30)/25)?
12
Let c = -11 - -29. What is the remainder when ((448/7)/(-4))/((-4)/22) is divided by c?
16
Let b = 9 - 2. Calculate the remainder when 1*((-192)/2)/(-4) is divided by b.
3
Suppose -3*a = -2*a - 5. Suppose p - 6*p = -a. Suppose 2*k - p = 7. What is the remainder when 15 is divided by k?
3
What is the remainder when 285 is divided by 234/(-42)*-4 + (-12)/42?
21
Let t(v) = -8*v - 77. What is the remainder when 297 is divided by t(-15)?
39
Suppose 7 - 1 = -3*d. Let q = d + -15. Let l = 28 + q. What is the remainder when l is divided by 3?
2
Suppose -4*a - 3*x - 2*x + 117 = 0, -4*x + 120 = 4*a. What is the remainder when 129 is divided by a?
30
Suppose -d - 2*a + 4 = 0, -4*a = -4*d - 3 + 19. Let w(m) = 10*m + 4. Calculate the remainder when w(d) is divided by 17.
10
Let 